{"id":1503,"date":"2021-06-20T05:45:45","date_gmt":"2021-06-20T05:45:45","guid":{"rendered":"https:\/\/tour-mex.com\/index.php\/home\/"},"modified":"2025-02-03T03:55:46","modified_gmt":"2025-02-03T03:55:46","slug":"home","status":"publish","type":"page","link":"https:\/\/tour-mex.com\/","title":{"rendered":"Transporte Ejecutivo y Turismo Toluca"},"content":{"rendered":"\t\t<div data-elementor-type=\"wp-page\" data-elementor-id=\"1503\" class=\"elementor elementor-1503\">\n\t\t\t\t<div class=\"elementor-element elementor-element-0cf52c0 e-grid e-con-boxed e-con e-parent\" data-id=\"0cf52c0\" data-element_type=\"container\">\n\t\t\t\t\t<div class=\"e-con-inner\">\n\t\t\t\t<div class=\"elementor-element elementor-element-00b2cf0 elementor-widget elementor-widget-heading\" data-id=\"00b2cf0\" data-element_type=\"widget\" data-widget_type=\"heading.default\">\n\t\t\t\t<div class=\"elementor-widget-container\">\n\t\t\t\t\t<h2 class=\"elementor-heading-title elementor-size-default\">Tour Mex<\/h2>\t\t\t\t<\/div>\n\t\t\t\t<\/div>\n\t\t\t\t<div class=\"elementor-element elementor-element-89e8270 elementor-widget elementor-widget-text-editor\" data-id=\"89e8270\" data-element_type=\"widget\" data-widget_type=\"text-editor.default\">\n\t\t\t\t<div class=\"elementor-widget-container\">\n\t\t\t\t\t\t\t\t\t<p>Tour Mex es una compa\u00f1\u00eda de Transporte Ejecutivo y Turismo fundada en el 2008 con el fin de brindar un servicio seguro, confiable y personalizado.<\/p><p>Nuestro objetivo es crear la mejor experiencia al cliente, con mas de 17 a\u00f1os de experiencia y la amplia recomendaci\u00f3n de clientes y empresas nacionales e internacionales.<\/p>\t\t\t\t\t\t\t\t<\/div>\n\t\t\t\t<\/div>\n\t\t\t\t\t<\/div>\n\t\t\t\t<\/div>\n\t\t\t\t<\/div>\n\t\t","protected":false},"excerpt":{"rendered":"<p>Tour Mex Desde su fundaci\u00f3n en 2008 nos hemos dedicado a ofrecer un servicio de transporte ejecutivo y turismo que nos distingue por la seguridad, confiabilidad y la atenci\u00f3n a todos nuestros clientes. Con m\u00e1s de 18 a\u00f1os de experiencia en la industria del trasporte, hemos logrado construir una s\u00f3lida [&hellip;]<\/p>\n","protected":false},"author":1,"featured_media":148,"parent":0,"menu_order":0,"comment_status":"closed","ping_status":"closed","template":"","meta":{"_uag_custom_page_level_css":"","_themeisle_gutenberg_block_has_review":false,"footnotes":""},"class_list":["post-1503","page","type-page","status-publish","has-post-thumbnail","hentry"],"uagb_featured_image_src":{"full":["https:\/\/tour-mex.com\/wp-content\/uploads\/2023\/07\/Mazda-3-min-scaled.jpg",1920,2560,false],"thumbnail":["https:\/\/tour-mex.com\/wp-content\/uploads\/2023\/07\/Mazda-3-min-150x150.jpg",150,150,true],"medium":["https:\/\/tour-mex.com\/wp-content\/uploads\/2023\/07\/Mazda-3-min-225x300.jpg",225,300,true],"medium_large":["https:\/\/tour-mex.com\/wp-content\/uploads\/2023\/07\/Mazda-3-min-768x1024.jpg",750,1000,true],"large":["https:\/\/tour-mex.com\/wp-content\/uploads\/2023\/07\/Mazda-3-min-768x1024.jpg",750,1000,true],"1536x1536":["https:\/\/tour-mex.com\/wp-content\/uploads\/2023\/07\/Mazda-3-min-1152x1536.jpg",1152,1536,true],"2048x2048":["https:\/\/tour-mex.com\/wp-content\/uploads\/2023\/07\/Mazda-3-min-1536x2048.jpg",1536,2048,true],"hestia-blog":["https:\/\/tour-mex.com\/wp-content\/uploads\/2023\/07\/Mazda-3-min-scaled.jpg",180,240,false]},"uagb_author_info":{"display_name":"karitakoreana","author_link":"https:\/\/tour-mex.com\/index.php\/author\/karitakoreana\/"},"uagb_comment_info":0,"uagb_excerpt":"Tour Mex Desde su fundaci\u00f3n en 2008 nos hemos dedicado a ofrecer un servicio de transporte ejecutivo y turismo que nos distingue por la seguridad, confiabilidad y la atenci\u00f3n a todos nuestros clientes. Con m\u00e1s de 18 a\u00f1os de experiencia en la industria del trasporte, hemos logrado construir una s\u00f3lida [&hellip;]","_links":{"self":[{"href":"https:\/\/tour-mex.com\/index.php\/wp-json\/wp\/v2\/pages\/1503","targetHints":{"allow":["GET"]}}],"collection":[{"href":"https:\/\/tour-mex.com\/index.php\/wp-json\/wp\/v2\/pages"}],"about":[{"href":"https:\/\/tour-mex.com\/index.php\/wp-json\/wp\/v2\/types\/page"}],"author":[{"embeddable":true,"href":"https:\/\/tour-mex.com\/index.php\/wp-json\/wp\/v2\/users\/1"}],"replies":[{"embeddable":true,"href":"https:\/\/tour-mex.com\/index.php\/wp-json\/wp\/v2\/comments?post=1503"}],"version-history":[{"count":64,"href":"https:\/\/tour-mex.com\/index.php\/wp-json\/wp\/v2\/pages\/1503\/revisions"}],"predecessor-version":[{"id":3572,"href":"https:\/\/tour-mex.com\/index.php\/wp-json\/wp\/v2\/pages\/1503\/revisions\/3572"}],"wp:featuredmedia":[{"embeddable":true,"href":"https:\/\/tour-mex.com\/index.php\/wp-json\/wp\/v2\/media\/148"}],"wp:attachment":[{"href":"https:\/\/tour-mex.com\/index.php\/wp-json\/wp\/v2\/media?parent=1503"}],"curies":[{"name":"wp","href":"https:\/\/api.w.org\/{rel}","templated":true}]}}